**3 + 47*p**2 - 164*p - 13. List the prime factors of g(4).
109, 127
Let p be 3*(-4)/6 + 2. Suppose 0 = w + 3*u + 9, u - 45 = -5*w + 4*u. Suppose -3*s - w*n + 4*n + 490 = p, -2*n - 822 = -5*s. List the prime factors of s.
2, 41
Let c = -215 - -19769. What are the prime factors of c?
2, 3, 3259
Let t(d) = -d**3 - 12*d**2 + d + 29. Suppose -2*m + 2 = -k, -12 + 0 = 4*m. Let o be (k/(-6))/((-5)/45). List the prime factors of t(o).
17
Let q = 241 + -110. Suppose s - 116 = -3*l, -3*l + 4*s - q = -6*l. Let b = l - 15. What are the prime factors of b?
2, 11
Let f(j) = -976*j + 521. What are the prime factors of f(-8)?
8329
Let a(d) = 15*d - 19. Let h be a(7). Let g = h + -86. Suppose -r + 61 + 107 = g. List the prime factors of r.
2, 3, 7
Let w(u) = 3*u + 34. Let b be w(-10). Suppose 0 = -3*o + b*o - 24. List the prime factors of ((-158)/(-2))/(8/o).
3, 79
Suppose -15 = -12*d + 7*d. Suppose -5*l + 5*q - 53 - 172 = 0, -d*q - 105 = 3*l. List the prime factors of (-224)/l - (-6)/15.
2, 3
Suppose -2*k + 4*l + 120486 - 27316 = 0, l - 46606 = -k. List the prime factors of k.
3, 7, 317
Let v = 17966 + 61144. What are the prime factors of v?
2, 3, 5, 293
Let v(u) = -u**3 + 13*u**2 - 12*u + 8. Let s be v(12). Suppose 2*w + j = 63, 2*j - 155 = -s*w + 3*w. What are the prime factors of (-36)/(-10)*(w + 6)?
2, 3, 7
Let s(x) = 3*x**3 - 21*x**2 - 2*x + 14. Let f be s(7). Suppose f*a + 8*a = 1336. List the prime factors of a.
167
Suppose -c + 5*t + 45 = 0, 39 = c - t + 10. Suppose -5*y - 20 - 54 = -4*v, -3*y + 5*v - 47 = 0. Let a = c - y. List the prime factors of a.
3, 13
Suppose -p = 2*k - 22868, -5*k - 189 = -164. What are the prime factors of p?
2, 3, 31, 41
Let k(z) = 104*z + 46. Let v(y) = -35*y - 15. Let w(u) = 6*k(u) + 17*v(u). What are the prime factors of w(11)?
2, 5, 17
List the prime factors of (-522168)/(-132) + 19 + (-2)/(-11).
3, 5, 53
Let k(d) = 52*d - 24. Let g be k(3). Suppose -3*o + 163 = -5*j, 2*j - 6*j = -4*o + g. List the prime factors of ((-1026)/12)/(((-36)/j)/(-3)).
2, 3, 19
Let k(v) = 15*v + 95. Let g be k(-9). List the prime factors of (104/10)/((-1)/g).
2, 13
Let z = 14617 + -11664. List the prime factors of z.
2953
Let m(j) = -9488*j - 241. What are the prime factors of m(-2)?
3, 5, 1249
Suppose -5*x - b + 5*b + 47 = 0, 4*x + 2*b - 22 = 0. Let s(i) = i**2 + 2*i - 5*i - 12 + 2. What are the prime factors of s(x)?
2, 3
Suppose c - 59 = 3*a, c + 3*c - 4*a = 244. Suppose 3*k = 4*q + 42, 2*q + k - 6 + 22 = 0. Let d = c + q. List the prime factors of d.
53
Let s(k) = -8*k - 26. Let i(t) be the first derivative of -7*t**2/2 - 25*t - 2. Let o(n) = -3*i(n) + 4*s(n). List the prime factors of o(-10).
3
Let w(y) = y**3 + 6*y**2. Let j be w(-5). Let r = j - -115. Suppose -9*d + r = -5*d. List the prime factors of d.
5, 7
List the prime factors of (-171 + 1)/((-17)/(-2720)*-8).
2, 5, 17
Let f(s) = 31*s + 3. Suppose g - 3*t = -22, -2*t - 10 = -4*t. Let w be f(g). Let d = -71 - w. What are the prime factors of d?
11, 13
Suppose -322 = 2*p + 5*p. Let d = p - -48. Suppose -8*c = -d*c - 354. What are the prime factors of c?
59
Suppose -2*f + 35 + 101 = 0. Let x = f + 172. Let t = 378 - x. What are the prime factors of t?
2, 3, 23
Let f = 9 - 15. Let d be (-24)/9*9/f. Suppose -2*j = -4*c - 124, -j - 4 = d*c - 84. What are the prime factors of j?
2, 17
Suppose -2696 = -16*i + 8*i. Let j = i - 237. List the prime factors of j.
2, 5
Suppose 0 = 3*r + 6, 0*m = -m + 3*r + 5808. What are the prime factors of m?
2, 3, 967
What are the prime factors of (-17155824)/(-784) - 1*6/14?
2, 3, 7, 521
Let i(w) = 2*w**3 - 4*w**2 - 3*w - 2. Let m be i(5). Let l = m + -74. Let y = -40 + l. List the prime factors of y.
19
Let l = -33 + 35. Suppose -4*f + 0*f = -l*p + 94, -5*f = 25. Suppose -9*b = -775 + p. List the prime factors of b.
2, 41
Let q(y) = y**3 + y**2 - y - 1. Let k be q(1). Let p(f) = -2*f**2 + 2*f + 69. What are the prime factors of p(k)?
3, 23
Suppose 74*y - 12 = 77*y. List the prime factors of (y + 0)*((-102)/1 + -4).
2, 53
What are the prime factors of (-30059)/(-4) - 882/1176?
2, 13, 17
Let o(c) = c + 32. Let h(k) = 2*k + 65. Let j(w) = 3*h(w) - 5*o(w). What are the prime factors of j(-15)?
2, 5
Let d(c) = -4*c - 1. Let w(m) = -m + 4. Let y(k) = 2*d(k) - w(k). List the prime factors of y(-50).
2, 43
Let f = 2061 + 1732. List the prime factors of f.
3793
Let p be (4/(-24))/(1/(-6)). Let m be 4*(-3)/(-6)*p. Suppose m*c + 114 = 8*c. What are the prime factors of c?
19
Suppose 3*f + 486 = -774. Let r = f - -735. List the prime factors of r.
3, 5, 7
Let w = -50 + 50. Let a be (-3)/((-4)/4) + w. Suppose 2*p = -2*t + 162, 5*t + 0*t = a*p + 405. What are the prime factors of t?
3
Let r = 62 - 58. Let l be (-2 - (-10)/8)*-2*r. List the prime factors of (l/(-4))/(7/(-756)).
2, 3
List the prime factors of (-66264)/(-8) - (9/(-6) + (-9)/6).
2, 3, 1381
Let o(d) = 1000*d**2 - 27*d + 48. List the prime factors of o(2).
2, 1997
Let o = 25625 - 1690. What are the prime factors of o?
5, 4787
Suppose 76*h - 35251 = 64*h + 8945. What are the prime factors of h?
29, 127
Let k(w) = 7*w**2 - 4*w - 8. Let y(a) = -a**3 + 15*a**2 - 7*a - 16. Let u(n) = -5*k(n) + 2*y(n). What are the prime factors of u(-7)?
11, 37
Suppose 29 - 1055 = -k. Suppose k = -8*n - n. List the prime factors of n/(-4 + (-6)/(-2)).
2, 3, 19
Suppose 3*p = -3*p. Suppose -23*f + 27*f + 28 = p. Let o = f - -16. What are the prime factors of o?
3
Suppose 3*p = 2*p + 4. Let g = -2446 - -2645. Suppose -g - 45 = -p*j. What are the prime factors of j?
61
Let i(z) = 13*z**2 + 96*z + 8. What are the prime factors of i(25)?
3, 3511
Let a(c) = -c**2 - 17*c + 17. Let w be a(-16). Suppose -26246 = -w*j + 11*j. List the prime factors of j.
1193
Let m(y) = -290215*y + 10. Let f be m(-1). What are the prime factors of (-5)/(-6) + f/570?
2, 3, 5, 17
Let v be (-62)/(-10) - (3 + -8)/(-25). Suppose v*p - 658 - 728 = 0. What are the prime factors of p?
3, 7, 11
Let l = 33 - 29. Let y(p) = 5*p - 1. Let b be y(l). Let j = b + 41. What are the prime factors of j?
2, 3, 5
What are the prime factors of (((-495)/(-12))/11)/((-1)/(-900))?
3, 5
Let s(p) = -p**2 + 64*p - 173. Let b be s(34). Suppose 0*l - b = -c + 5*l, 3*c + l = 2541. What are the prime factors of c?
7, 11
Let m = -335 - -194. Suppose -3489 = 41*g + 4793. Let x = m - g. List the prime factors of x.
61
Let a(y) = 747*y - 5788. List the prime factors of a(58).
2, 137
Suppose -2*g + 5387 = -307 - 13980. List the prime factors of g.
3, 1093
Let m = 1189 - 633. Suppose 0 = -2*x - m + 756. What are the prime factors of x?
2, 5
Suppose 1025*x + 3990 = 1028*x - f, -2*f = -2*x + 2656. What are the prime factors of x?
11
Suppose 0*r + r + 4 = 0. Let j(z) = 3*z**3 + 4*z**2 + 4*z - 1. Let a be j(r). What are the prime factors of 13/(260/16)*a/(-2)?
2, 29
Let a = 25508 - 7781. List the prime factors of a.
3, 19, 311
Let f = 18233 + -9659. List the prime factors of f.
2, 3, 1429
Suppose 2*m = 2*b + 12, -7*m + 8*m + 3*b + 6 = 0. Suppose 4*p - 2*u = -u + 9, -p + 1 = u. List the prime factors of p*(-4 + m) + 100.
2, 7
Suppose 4*t - 71488 = 2*h, 4*t + h - 85947 = -14441. What are the prime factors of t?
5, 11, 13
Let d(h) be the second derivative of 0 - 1/2*h**2 - 1/6*h**4 + 2/5*h**5 - 11*h + 0*h**3. What are the prime factors of d(2)?
5, 11
Let b = 3609 + 191. What are the prime factors of b?
2, 5, 19
Let w(x) = -x**3 - 7*x**2 - 11*x - 16. Let n be w(-6). Let i = n - 12. Suppose 0 = i*u - l - 33 - 30, -2*l - 155 = -5*u. List the prime factors of u.
29
Let q be -1380 - -2*(-5)/(-10). Let y = 2461 + q. List the prime factors of y.
2, 541
Let y(v) = 35*v + 24. Let x be (-1 - -7)*-5*14/(-60). What are the prime factors of y(x)?
269
Let b(i) = 5*i + 130. Let r be b(-6). Let h = r - -197. List the prime factors of h.
3, 11
What are the prime factors of 380/(-65) + 6 + -6 + (-1401492)/(-78)?
2, 7, 1283
Suppose 0*i = 2*s - 4*i - 108954, 5*s - 3*i - 272350 = 0. List the prime factors of s.
7, 31, 251
Let v(c) = -1. Let g(i) = -119*i + 1. Let y(m) = g(m) + 4*v(m). Let t be y(-1). Suppose 0 = w + 5*d - t, 3*w + d + 90 = 424. List the prime factors of w.
3, 37
Let i(p) = -10*p - 5. Suppose 2*w - 151 = 9. Let n = w - 91. List the prime factors of i(n).
3, 5, 7
Let q be 15 + ((-15)/60 - 11/4). List the